- t*d = 21, 0 = -q - 2*d + 56. What is the tens digit of q?
4
Let t(b) be the third derivative of b**5/30 + b**4/24 - b**3/3 + 3*b**2. Let y = 15 + -13. What is the units digit of t(y)?
8
Let p be 2 + 9/(-1 + 4). Suppose -p*n + 2*r + 137 = 0, 3*n = 4*r + 90 - 5. What is the tens digit of n?
2
Suppose 6 = -2*j, -3*a + 9 = -0*j + j. Suppose -a*p + v + 60 = -3*v, 5*v = -p - 15. Let r = p + -5. What is the units digit of r?
5
What is the hundreds digit of 4/(-10) - ((-1412)/5 + 9)?
2
What is the tens digit of (159/9 + 0)/(2/42)?
7
Let k(p) = -13*p**3 + 7*p - 12*p**3 - 9*p**2 + 3 + 26*p**3. Let n be k(8). Let h(z) = z**2 - z + 1. What is the units digit of h(n)?
1
Let x = -66 - -86. Let r(c) = -49*c. Let s be r(-1). Let w = s - x. What is the units digit of w?
9
Let a = -751 - -1086. What is the tens digit of a?
3
Suppose 0 = 2*h + 2, 0 = 3*p - h - 1352 - 494. What is the tens digit of p?
1
Let b be (-13)/(-5) - (-18)/(-30). Suppose 23 = -x - 4*z, -b*x + 5 = -3*x + 2*z. Let k = 7 - x. What is the tens digit of k?
1
Let m(a) = 7*a**3 + 2*a**2 + 5*a + 3. What is the hundreds digit of m(3)?
2
Suppose -2*n + u + u + 42 = 0, 0 = -3*n + 5*u + 53. Let d = 30 - n. Suppose d*a = -4, -o + 7 = a + 4*a. What is the tens digit of o?
1
Suppose -58*r = -74*r + 11344. What is the units digit of r?
9
Let o be (-16)/20*(-3 - 2). Suppose -1 = 5*b + 14, -j + o*b = -86. Let g = j - 37. What is the tens digit of g?
3
Let r = -15 - -34. Let n = r - 14. Suppose -140 - 170 = -n*c. What is the units digit of c?
2
Let p = -61 + 63. What is the tens digit of p/2*(-952)/(-4)?
3
Suppose -2*v + 4 = b, -2*b - 12 = -5*v - 5*b. Suppose v = -39*j + 42*j - 210. What is the tens digit of j?
7
Let q(y) = -y**3 - 7*y**2 - y - 8. Let b be q(-7). Let u(r) = -12*r**2. Let t be u(b). What is the tens digit of (-12 - 1)/(6/t)?
2
Let d = 71 + -78. What is the tens digit of d + 3 + 138 + -1?
3
Let r = 3 - -27. What is the units digit of 18/135 - (-3266)/r?
9
Let l = -305 - -458. What is the tens digit of ((-14)/6)/((4 - 7)/l)?
1
Suppose -2*q = q - 9. Let w(h) = h**3 + 15*h**2 - 35*h + 23. Let g be w(-16). Suppose -5*l = r - 57, g = -q*r + 8*r + 4*l. What is the units digit of r?
7
Let q = 5 + -5. Let a = q - -2. What is the tens digit of -23*(1 - a) + 0?
2
Let q be 32/10*25/(-2). What is the tens digit of (-3385)/q - (-6)/16?
8
Let i(j) = 2*j**2 + 5*j. Let l be i(-4). Suppose 211 = l*a - 509. What is the units digit of a?
0
Let i be 36/15 + (-2)/5. Suppose 9 = i*b + 1. Suppose 2*y = b*x - 146, 0*x - 3*y + 155 = 5*x. What is the tens digit of x?
3
Suppose 5*g = 10*g - 10. Suppose -g*k - 1 = -k. What is the tens digit of k/(0 - 2/34)?
1
Let l(d) = 3*d**2 - 3*d - 2. Let f be l(-5). Let b be 8/3*22*(-3)/(-8). Let s = f - b. What is the tens digit of s?
6
Let s be 2/(-9) + 94/18. Suppose r + 60 = s*r. What is the tens digit of r/25 - 254/(-10)?
2
Suppose -2*g = -0*g + 12. Let d(r) = -8*r**2 + 51*r - 28. Let j be d(6). Let s = g - j. What is the units digit of s?
4
Let y(u) = -2*u**3 - 2*u**2 + 6*u - 6. Suppose -4*x + k - 21 = 0, -2*x + 6 = 2*k + 14. What is the units digit of y(x)?
4
Let q(p) = 186*p - 489. What is the units digit of q(7)?
3
What is the tens digit of (1105/(-4))/(4*2/(-32))?
0
Let b(l) = -6 + 2*l + 10*l**2 + 14*l + 25*l**3 - 26*l**3. What is the tens digit of b(11)?
4
Let d(m) = -6*m + 51. Let o(g) = g - 10. Let w = -12 - -1. Let b(s) = w*o(s) - 2*d(s). What is the tens digit of b(6)?
1
Suppose -35 = -4*k + 3*s, 2*s + 25 = -3*s. Let i = -69 - -132. Suppose -k*w - 142 = -2*b, 63 = 2*b + 3*w - i. What is the units digit of b?
6
Let c = -1103 + 1877. What is the tens digit of c?
7
Suppose -11*z = -10*z + 10. Let g = 83 - z. What is the tens digit of g?
9
Let x be -1 - 77/(-21)*3. Let m(r) = -3*r + 5. Let v(z) = 8*z - 14. Let g(a) = -11*m(a) - 4*v(a). What is the units digit of g(x)?
1
Suppose 4*z - 70 + 22 = 0. Let s = 16 - z. Suppose 3*j - o - 8 = s*o, 16 = 3*j - o. What is the units digit of j?
6
Suppose -4*k = -16*k + 48. What is the units digit of k/(-14) - (-79)/7?
1
Let f(b) = -b**2 + 9*b + 18. Let g be f(11). Let r be g + 6 + 1 + 1. Suppose -58 - 50 = -r*x. What is the units digit of x?
7
Suppose -10*u + 20*u = 13110. What is the hundreds digit of u?
3
Let j = -1256 + 1866. What is the tens digit of j?
1
Let z(s) = s**3 + 2*s**2 - 2. Let l be z(3). Let k = -442 + 415. Let c = l - k. What is the tens digit of c?
7
Let h(t) = -t**3 + 4*t**2 - 2*t - 1. Let v(p) = 2*p - 4. Let b be v(2). Let j(n) = -2*n + 2. Let s be j(b). What is the units digit of h(s)?
3
What is the hundreds digit of 386 + (-60)/(-75)*5/(-2)?
3
Let k = -3 + 6. Suppose 0 = k*a + a. Suppose -d - 4*d + 40 = a. What is the units digit of d?
8
Let y(q) = -11*q + 1. Let g = 20 - 1. Suppose 0 = -2*o - 5*b + g, 4*o = 2*o + 2*b - 16. What is the tens digit of y(o)?
3
Let i(v) = 2226*v**3 + 5*v**2 - 3. What is the tens digit of i(1)?
2
Let h = 151 - -415. What is the hundreds digit of h?
5
Suppose -a - 10 = -6*a. Suppose a*t = n + 13, 0 = 5*t + 3*n + n - 65. What is the units digit of t?
9
Let x(z) = 4*z + z**3 - 10*z**2 + 0*z + 5*z + 5. Let p be x(6). What is the units digit of (10/25)/(-1)*p?
4
Suppose 272 = -4*p + 21*p. Let g(l) = l**3 - 14*l**2 - 16*l - 17. What is the units digit of g(p)?
9
Suppose 6*h - 10*h - 20 = 0. Let x(b) = -12*b - 12. What is the tens digit of x(h)?
4
Let v be 3*(1 + (-128)/(-12)). What is the tens digit of 6/(-21) + 6905/v?
9
Let h(d) = -4*d - 6. Let v be h(-6). Let z = 21 - v. What is the units digit of -3 + 6/z - -35?
4
Let l = 5 - 1. Suppose l*g + 3 = 7. What is the units digit of 8/4 + g*34?
6
What is the tens digit of (-6)/(-48)*-4*-1618?
0
Let s(a) = 2*a**2 + 6*a - 2. Let f(c) = c**3 - 4*c**2 + 5*c + 3. Let o be f(4). Let b = o + -29. What is the tens digit of s(b)?
3
Suppose -3*r + 4 = -2. Suppose -r*a + 5 = -a. Suppose a*l - 3 - 7 = 0. What is the units digit of l?
2
Suppose 42*u + 30725 = 67*u. What is the thousands digit of u?
1
Let m(b) = 4*b**3 + 10*b**2 - b + 10. Let r(i) = -5*i**3 - 11*i**2 + i - 11. Suppose 5*y - 17 = 8. Let g(q) = y*r(q) + 6*m(q). What is the tens digit of g(4)?
1
Let b = 477 - -776. What is the thousands digit of b?
1
Let c be (12/90*6)/((-4)/(-530)). Suppose 0*o + 59 = -h - o, 4*h + 230 = -o. Let d = c + h. What is the tens digit of d?
4
Let a be 156/42 + (-4)/(-14). Suppose -a*w - 5*u + 0*u = -84, w = u + 12. What is the units digit of w?
6
Suppose -x - 5 + 1 = 0. Let b(f) = -f**2 - 3*f + 1. Let g be b(x). What is the units digit of g*(-6 - 2) + -1?
3
Let b(i) = i**3 + 12*i**2 + 3. Let y be b(-12). Let u(t) = -t + t**y - t + 3 + 4*t**2 - t. What is the tens digit of u(-3)?
2
Suppose 0 = 27*n - 31*n + 6808. What is the tens digit of n?
0
Let l = -274 + 471. Suppose 2*o - l = -83. What is the tens digit of o?
5
Let m be ((0 - 0)*(-1)/2)/2. Suppose m*t = i + 5*t - 224, i - t - 248 = 0. What is the hundreds digit of i?
2
What is the units digit of 184680/280 - 3/(-7)?
0
Suppose 0 = -2*q - 3 + 11. Suppose -63 = -q*d + 37. What is the units digit of d?
5
Let c = -7 - 1. Let f = c + 12. Suppose 10 + 34 = f*y. What is the tens digit of y?
1
Let p(r) = -25*r + 52. Let b be p(12). Let n = 353 + b. What is the units digit of n?
5
Let a = 43 + -132. Let j = -63 - a. What is the tens digit of j?
2
Let j(n) be the third derivative of -n**4/24 + 2*n**3 + 6*n**2. What is the units digit of j(-9)?
1
Let s(q) = 4*q - 6. Let x be s(5). Let k = x - 10. Suppose -k*n + 10 = -4*g + 5*g, 3*n = -4*g + 14. What is the units digit of g?
2
Suppose 3*m - 1875 = 5*y, 2*y - 202 = -2*m + 1064. What is the tens digit of m?
3
Let t(x) be the first derivative of x**3/3 + 2*x**2 + 9*x + 1. What is the units digit of t(-4)?
9
Let n = 423 - 68. Let u = n + -234. What is the units digit of u?
1
Suppose -3*t - 2*t + 25 = 0. Suppose -t*b + 376 = 4*i, -b - 111 = -4*i + 265. What is the units digit of i?
4
Let x = 10 + -8. Let c = 8 - x. Suppose 3*p = c + 63. What is the tens digit of p?
2
What is the tens digit of 6 - (0/(-3) - 452)?
5
Suppose -4 = 4*r - 5*s, -28 = -r - 4*r - 2*s. Suppose -3*x + 2*m + 0*m + 386 = 0, r*x - 516 = 3*m. What is the tens digit of x?
2
Let t = 8 + -5. Suppose r = -t*r. Suppose r = -3*x - 33 + 165. What is the tens digit of x?
4
What is the hundreds digit of (-183)/(